ded by 9?
6
Let n(p) = p**2 + 36*p + 11. Calculate the remainder when 188 is divided by n(-36).
1
Let i = -341 + 1043. Calculate the remainder when i is divided by 19.
18
What is the remainder when 237 is divided by 5 + -2 + 104 + 5 + 0?
13
Let n(y) = 101*y**2 + 580*y - 11. Let g(v) = 2*v**2 + 8*v - 5. Calculate the remainder when n(-6) is divided by g(-7).
34
Let a = 128 - 111. Calculate the remainder when 60 is divided by a.
9
Let d = -45 + 97. Let n(h) = 2*h + 1. Calculate the remainder when d is divided by n(4).
7
Suppose -u + 0*d + 30 = 3*d, -2*d + 10 = 0. Suppose 0 = -2*p + 3 + u. Let o = 26 + 9. Calculate the remainder when o is divided by p.
8
Let m(i) = -i + 34. Let y = 25 - 25. What is the remainder when m(y) is divided by 18?
16
Let v = 12 - -4. Let i be (-2 + (-125)/(-15))*(1 + -4). Let s = 41 - i. Calculate the remainder when s is divided by v.
12
Suppose 5*f = 2*v - 324, -3*v + 7*v + 3*f - 622 = 0. What is the remainder when v is divided by 73?
11
Let q = -3 + 150. Calculate the remainder when q is divided by 36.
3
Suppose -82*t + 0*t = -3362. What is the remainder when t is divided by 29?
12
Let v = -278 + 538. What is the remainder when v is divided by 68?
56
Let p = -653 + 1048. What is the remainder when p is divided by 100?
95
Let l be (-980)/(-12) - 2/3. Suppose 5*t + 3*v = -34 + 113, -5*t - 2*v = -l. What is the remainder when t is divided by 6?
5
Let s = 7 + 4. Let b(c) = 42*c + 1. Calculate the remainder when b(1) is divided by s.
10
Suppose 3*d = r - d - 22, -5*r - 4*d = 10. Let s = 66 + -27. Calculate the remainder when s is divided by r/(-9) - 460/(-45).
9
Suppose -8*y + 3*y = -3*i + 51, -3*y = i - 3. Let u be -6 + -4 + -1 + -4. Calculate the remainder when i is divided by ((-1)/1)/(-4 + (-57)/u).
2
Let o = -93 + 65. Let f = o - -36. Calculate the remainder when 30 is divided by f.
6
Suppose -6*m + 3*d = -9*m + 246, 428 = 5*m - d. Calculate the remainder when m is divided by 60.
25
Let k(g) = 4*g + 86. Calculate the remainder when k(36) is divided by 39.
35
Let d be (3 + -1)/((-2)/6). Let b be (-15)/d*8/10. Calculate the remainder when 3/(b + (-21)/12) is divided by 7.
5
Suppose 14*k - 707 - 21 = 0. Calculate the remainder when 63 is divided by k.
11
Suppose 22*v = 18*v + 28. Suppose v*h = -61 + 362. What is the remainder when h is divided by 11?
10
Let f = -193 + 384. Suppose -9*v = -f - 205. Calculate the remainder when 84 is divided by v.
40
Let d(r) = 17*r**2 - r + 8 - 9*r**2 - 9*r**2. What is the remainder when 12 is divided by d(0)?
4
Let j be ((-45)/(-27))/((-10)/(-6)). Calculate the remainder when 55 is divided by j/2*(-38)/(-3)*3.
17
Let p be 2*(14/4)/(-7)*-1. What is the remainder when 158 is divided by (-3)/(4 - p) + 34?
26
Calculate the remainder when 28 + 73 + -1*2 is divided by 6.
3
Let l = -6 + 16. Calculate the remainder when 162/3 - 12/(-2 - 2) is divided by l.
7
Calculate the remainder when (-17 - -2)*(105/(-9))/7 is divided by 11.
3
Suppose 2*i - 5*i + 192 = 0. Suppose 43 + 67 = 5*q. What is the remainder when i is divided by q?
20
Suppose -3*w = 4*d - 72, -d - w + 17 = -0*w. Calculate the remainder when d is divided by (1/(-3)*-1)/((-183)/(-3294)).
3
Let i(q) = -2*q - 9. Let o be i(7). Let a = o + 10. Let w = 23 + a. Calculate the remainder when 19 is divided by w.
9
Let w = 117 + -74. What is the remainder when 384 is divided by w?
40
Suppose 157*g - 156*g - 5 = 0. Suppose 0 = -4*a - 5*y + 236, a = -3*y + 9 + 43. What is the remainder when a is divided by g?
4
Let p = -1053 + 1904. What is the remainder when p is divided by 61?
58
Calculate the remainder when 45 is divided by 0 + (-17)/(-2) - 9/(-18).
0
Calculate the remainder when 175 + -1*(-3)/(3 + -6) is divided by 43.
2
Suppose 23*f - 28*f - 111 = -3*b, 2*f + 38 = b. Calculate the remainder when 220 is divided by b.
28
What is the remainder when ((-11)/44)/(2/(-2144)) is divided by 10?
8
Suppose -4*w = -12*w + 224. Suppose 0 = -o + 4*c + w, 4*o = -0*o - 2*c + 148. Calculate the remainder when o is divided by 13.
10
Let k(g) = -28*g - 13. Let h = 52 + -28. What is the remainder when k(-3) is divided by h?
23
Let o be (149 - -1) + 75/15. What is the remainder when o + -5*(-4)/5 is divided by 41?
36
Suppose 11*a - 116 + 39 = 0. What is the remainder when 71 is divided by a?
1
Let g = -85 - -149. Let b = -331 - -353. What is the remainder when g is divided by b?
20
What is the remainder when (-154)/33*(2 + (-50)/4) is divided by 37?
12
Let k = 37 - 22. Let c(h) = 21 + 2*h - 4 + 0*h + 0*h. Calculate the remainder when k is divided by c(-4).
6
Let f(s) = 9*s - 103. Calculate the remainder when 17 is divided by f(12).
2
Let u be (-38)/6 + (-3)/(-9). Let q(h) = h**2 - 3*h + 4. Suppose -c = -4*p - 20, -2*p = 2*c - 12 - 28. Calculate the remainder when q(u) is divided by c.
18
Let k be (-4)/6 - (-146)/3. Suppose x - z = 2*x - 36, 5*z = x - k. Calculate the remainder when x is divided by 13.
12
Let z(r) = -13 - 4*r + 8 - 3*r + 2*r**2 + 0*r**2. What is the remainder when (-6)/4*296/(-6) is divided by z(6)?
24
Calculate the remainder when 40 is divided by (-4)/8*-22 + 4.
10
Let m = 98 - 90. Suppose -39 - 489 = -m*d. What is the remainder when 130 is divided by d?
64
Let l = -8 - -11. Suppose 12*t - 7*t - 5*y - 45 = 0, 3*t + y = 43. Calculate the remainder when t is divided by l.
1
Let d = 700 - 670. What is the remainder when 292 is divided by d?
22
Suppose -3*f = -0*f - 5*z - 123, -z - 227 = -5*f. Calculate the remainder when 138 is divided by f.
0
Suppose -5*z - 4*y - 392 = -9*z, 0 = -z - 3*y + 78. Calculate the remainder when z is divided by 59.
34
Suppose 49 = 6*z - 65. Suppose 0 = z*d - 23*d + 120. What is the remainder when d is divided by 18?
12
Let w be (-62)/(-4) + (-3)/6. Suppose 17*b - 26 = w*b. What is the remainder when 35 is divided by b?
9
Let s(t) = -3*t**2 + 26*t + 36. Let v be s(9). Let r be ((-9)/(-2))/((-2)/(-8)). Calculate the remainder when 66 is divided by (r/v)/(4/102).
15
Let f = -1 + 2. Calculate the remainder when 7/(28/(-20)) + 6 is divided by f.
0
Let s = 162 - 35. Suppose 2*l - r = s, 2*l - 38 - 77 = -3*r. What is the remainder when l is divided by 32?
30
Let f = 27 - 10. Let w = -155 + 186. What is the remainder when w is divided by f?
14
Suppose g = 5*g - h - 42, 27 = 3*g - 3*h. Suppose 4 = -0*r + r. What is the remainder when 167/r - (-2)/8 is divided by g?
9
Let k = -102 + 75. Let y = 33 + 14. Let n = k + y. Calculate the remainder when 57 is divided by n.
17
Let k = 37 - 26. Suppose 2*y = 3*y. Suppose 5*s - 87 - 73 = y. Calculate the remainder when s is divided by k.
10
Suppose -3*q + 6 = 2*b, 0*q + q = -5*b + 2. Let l = b + 3. Calculate the remainder when 63 is divided by 11*4/12*l.
8
Let y = 158 - 134. Calculate the remainder when 38 is divided by y.
14
Let b(i) = -i**2 - 5*i + 6. Let h be b(-7). Let n = 11 + h. Suppose 15 = -n*f + 6*f. Calculate the remainder when 11 is divided by f.
1
Let j be (-1015)/(-28) - 3/12. Let u be (1 - 0)*j/6. Suppose -2*i - 52 = -u*i. What is the remainder when i is divided by 8?
5
Suppose 4*r = 41 + 339. Suppose i = 5*g - 11, -2*i + 11 = 3*g - 2*g. Suppose 14 = y + s, g*y - 2*s - 16 = 26. What is the remainder when r is divided by y?
11
Suppose 3*w - 4*n + 5*n - 181 = 0, 3*w = 3*n + 189. Let m = -43 + w. What is the remainder when 51 is divided by m?
15
Suppose 4 = h + h + 2*g, -3*h + 16 = -2*g. Let d = -1326 + 1338. What is the remainder when d is divided by h?
0
Let d be 3/(-1) + (14 - 1). Let w = -12 + 17. What is the remainder when 90 is divided by (w/d)/((-2)/(-124))?
28
Let u be 2/(-7) - 27/(-21). Let j be (-1 - u)/(2/(-4)). Suppose -3*k = p - 33, -k - 3 = -j*p - 14. Calculate the remainder when 43 is divided by k.
10
Let d = 141 + -57. Suppose -6*j + d = 48. Calculate the remainder when 28 is divided by j.
4
Suppose 0 = 9*b + 5204 - 5294. Suppose -a + 4*j = 2*a - 127, -2*j = 3*a - 121. Calculate the remainder when a is divided by b.
1
Let t(v) = -2*v**3 + 27*v**2 + 28*v - 157. Calculate the remainder when 190 is divided by t(14).
34
Let d = 3193 + -3183. Calculate the remainder when 357 is divided by d.
7
Suppose 1590 = 11*h - 2348. What is the remainder when h is divided by 30?
28
Let b(l) = 19*l - 15. Suppose 0 = 2*q + 3*f - 0*f + 21, 2*f + 6 = 0. Let m be (-45)/q - 18/12. Wh